- (-3840 + 5 + 4 + -2 + -4). Calculate the greatest common divisor of i and 15.
15
Suppose 0 = -38*m + 2*m - 9504. Let i = m - -326. What is the greatest common factor of 31 and i?
31
Suppose 27*g - 591 = 327. Calculate the highest common divisor of g and 102.
34
Let g be (39/4*2)/(15/(-160)). Let u = g + 109. Let r be (-4 - u)/((-4 + 0)/(-4)). What is the highest common factor of r and 5?
5
Suppose 0*u - 3 = u, -u = 4*j - 7541. What is the highest common divisor of 246 and j?
82
Let i = -733 + 727. Let d be 1 + i/(-1) + 0 + -6. Calculate the greatest common divisor of d and 79.
1
Let b be (3 - 1) + 3*12. Let x be (1 - (-3)/(-1))*(-2109)/b. Suppose -y + 4*y - 3*z - x = 0, 3*y = -z + 123. Calculate the greatest common factor of 10 and y.
10
Let a(n) = 25 + 9 + 26 - n - 59. Let o be -6 + (0 - 0) + 1. Let f be a(o). Calculate the highest common factor of 30 and f.
6
Let r be 181 + (-80)/(-64)*-4. What is the greatest common factor of 44 and r?
44
Let u be 2 - (-3 + 5) - -17. Suppose -3*p + u = 2. Suppose p*k - 427 = -87. What is the greatest common divisor of 17 and k?
17
Let p(d) = -d**3 - 9*d**2 - 7*d + 6. Let j be p(-8). Let c be 1*j*100/(-8). Calculate the highest common factor of 15 and c.
5
Let h = 1 + -1. Suppose 59*f - 54*f - 4*i - 946 = h, 762 = 4*f + 2*i. What is the greatest common factor of f and 40?
10
Let r(k) = -2*k - 24. Let i be r(-13). Suppose -5*n + 5*w - 61 = -356, i*n - 97 = -5*w. What is the highest common divisor of 504 and n?
56
Let x = -14 + -367. Let b = 543 + x. Calculate the greatest common factor of 18 and b.
18
Suppose 55*s + 8918 = 237*s. What is the greatest common divisor of 931 and s?
49
Let o be ((-4)/(-8))/(4/208). Let z = o + -13. Let r = z + 2. What is the highest common divisor of 30 and r?
15
Let h(y) = y**3 + 3*y**2 + 3*y + 5. Suppose 102 = 4*d - 2*d. Let n = d - 53. Let q be h(n). Calculate the greatest common divisor of q and 24.
3
Suppose -d = 3*d. Suppose d*r + 133 = r. Let q(i) = -78*i + 643. Let l be q(8). Calculate the greatest common factor of l and r.
19
Suppose 2*m + 1379 = 4083. Suppose -m = -8*t - 5*t. What is the greatest common divisor of 39 and t?
13
Let v be -19 + 25 + (-22)/8 - (-23)/(-92). Let m = 0 + 14. What is the greatest common factor of v and m?
1
Let z be 112/42*4*1029/14. Calculate the highest common divisor of z and 24696.
392
Let m = 1038 + -1453. Let g = m + 455. Calculate the greatest common factor of 56 and g.
8
Let m be (4 + 1 - (-3 + 11)) + 31. Suppose 11*l + 51 = m*l. Calculate the greatest common factor of l and 141.
3
Suppose -36*j + 31*j - 7620 = -t, -2*t + 2*j + 15208 = 0. What is the greatest common factor of t and 228?
76
Suppose -18 - 22 = -10*w. Let s be w/((-48)/(-1330)) - 9/(-54). Suppose 519 - s = u. Calculate the greatest common divisor of 51 and u.
51
Suppose -u + 3 = 2*z, 2*u + 11 = 4*z - u. Let j be ((-3)/(-1) - z)*(375 - -5). Calculate the greatest common factor of j and 76.
76
Let g(c) = -51*c**2 - c - 1. Let u be g(-1). Let z = -59 - u. Let x = z - -68. Calculate the highest common factor of x and 12.
12
Suppose -5*v + l = -61324 + 22595, -4*v - 4*l + 30988 = 0. What is the greatest common divisor of v and 6?
6
Suppose 3*b - 113 = -137, -386 = -3*y + b. What is the greatest common factor of 270 and y?
18
Suppose 46*p - 27*p = -304. Let v be (-619)/(-9) - p/72. What is the highest common divisor of 759 and v?
69
Suppose 196*t - 83*t - 115416 = -116*t. Calculate the greatest common divisor of 3672 and t.
72
Let o(u) = u**2 + 18*u + 97. Let h be o(-9). Calculate the greatest common factor of 1968 and h.
16
Let c(r) = r**3 - 23*r**2 + 13*r + 204. Let u be c(22). Let f(q) = -q**2 + 13*q - 9. Let y be f(6). Calculate the highest common factor of y and u.
3
Let w(g) = g**3 + 10*g**2 - 16*g - 13. Let r be w(-11). Suppose n - 3*a = 6, 5*n - a = 2*a + r. What is the greatest common factor of 3 and n?
3
Let n(u) = -14*u - 199. Let h be n(-14). Let v be h/(959/196 - 5). Calculate the greatest common divisor of 56 and v.
28
Let t = -4 + 20. Let r(y) be the first derivative of 13*y**2 + 30*y - 14. Let i be r(5). Calculate the greatest common divisor of i and t.
16
Let u be (2 + 11/(-4))/(39/(-936)). Suppose 56 = n - 3*d, 15*n - 2*d = u*n - 146. What is the highest common divisor of n and 225?
25
Let g be (2 - 2)/((5 - 2)/3). Suppose -3*p - 197 = 5*j, -j + 0*j - 5*p - 57 = g. Let z = j - -58. Calculate the greatest common divisor of 105 and z.
21
Suppose -w = 3*x - 33, 5*w - 21 = -2*x + 131. What is the highest common factor of 1995 and w?
15
Let o = 3236 + -3224. Calculate the highest common divisor of 114 and o.
6
Let b = -51 - -56. Suppose 2*a - 143 = 3*x, -b*x - 141 = 3*a + 91. Let g = x - -55. Calculate the greatest common divisor of g and 24.
8
Let b = -109 - -362. Let c = 202 - 150. Suppose 2*g - 3*f - c = -0*g, -g = -f - 25. What is the greatest common divisor of b and g?
23
Let r be 170/(-2)*(-372)/1860. Let f = 9 + -4. Let v(y) = 14*y - 2. Let j be v(f). Calculate the highest common divisor of j and r.
17
Suppose -35 + 6 = -x + 4*u, -4*x + 116 = 4*u. Let b(m) = 14*m - 44. Let z be b(4). Suppose 0 = -z*i + 15*i - 174. What is the highest common divisor of i and x?
29
Suppose -189*y = -181*y - 4576. What is the highest common divisor of y and 44?
44
Suppose 16*z - 3623 = -3015. Calculate the greatest common divisor of 2641 and z.
19
Suppose -59*y + 58*y - 15 = 0. Let k(o) = -o**2 - 26*o - 3. Let x be k(y). Let n be 3/(18/(-30)) + 23. What is the highest common divisor of x and n?
18
Let i = -34170 + 34340. Calculate the greatest common divisor of i and 11322.
34
Suppose -2*m - 2*j + 76 = -42, -j = 2*m - 115. Suppose 0 = -5*n - 5*u + 300, 2*u = n + u - m. Calculate the highest common factor of n and 29.
29
Let r be 6/8 + 519775/(-340). Let p = r - -2232. Calculate the highest common factor of p and 64.
64
Suppose 13*l - 5*l + 3*k = 13, l + 4*k + 2 = 0. What is the greatest common factor of l and 9?
1
Let a(w) = w**2 - 13*w. Let s be a(20). Let f = -200 + 228. Calculate the greatest common divisor of s and f.
28
Suppose -3*y = -2*y. Suppose y = 7*f - 2*f - 60. Let q be ((-76)/190)/(2/(-720)). Calculate the highest common divisor of f and q.
12
Let c = 447 - 445. Suppose 5*y - 5*d = y - 20, -5*y + 8 = 2*d. Suppose y = 5*i - 2*t - 80, -1 + 16 = -3*t. Calculate the highest common divisor of c and i.
2
Let q be (-13)/26*-20*2/4. Suppose -126 = -5*g + 259. Let p = g - 42. What is the highest common factor of q and p?
5
Let d(a) = 26*a**2 + 11*a + 24. Let z be d(-8). Suppose 292 = 4*t - z. Calculate the highest common factor of 11 and t.
11
Suppose j - 53 = 3*d, -51 = -5*j + 2*d + 318. Suppose 3*w + 0*w = 3003. Calculate the highest common factor of j and w.
77
Suppose -13*h = h - 28. Suppose h*k = k - 3*q + 99, 0 = -3*k + 4*q + 258. Calculate the greatest common divisor of k and 18.
18
Suppose 0 = 3*o - 4*a - 3762, 4*o = -15*a + 19*a + 5012. What is the greatest common divisor of o and 10?
10
Let w = 38394 + -38239. Calculate the greatest common divisor of 1023 and w.
31
Let a = 3354679 - 3354637. Let k(p) = 4 + 3*p**2 - 3*p + 7*p - 3*p. Let z be k(-3). What is the highest common divisor of z and a?
14
Suppose 4159 = 4*j - w, -2085 = -24*j + 22*j - 5*w. Calculate the highest common factor of j and 24.
8
Let v be (27/18)/(3/204 - 0). Calculate the highest common divisor of v and 306.
102
Let q = 55277 - 13997. What is the highest common factor of q and 240?
240
Let w = 797 - 314. Let b be (-2080)/10*(1 + 1 - 1). Let r = w + b. Calculate the highest common factor of 25 and r.
25
Let m = 854 + -536. Let w be 2/(-4) + 10/(120/m). Let a be ((-325)/5)/((-1)/2). Calculate the highest common factor of w and a.
26
Let f be (-3 - -29) + 1/1. Let a(g) = -7*g - 44. Let w be a(-5). Let x be w/(-2)*(-6 - (-2 + -6)). Calculate the highest common divisor of x and f.
9
Let p be (-69)/(-21) + 4/(-14). Suppose 0*k - 6*k = 72. Let j be 12 + -2 - (k + 19). What is the highest common divisor of j and p?
3
Suppose 5*k + 2581 = 4*o, 3*o + 2*k - 4*k = 1941. Let n = o - 222. Calculate the greatest common factor of 122 and n.
61
Let z be ((-1)/((-8)/10))/(59/236). Suppose 0 = 5*g - 3*c - 120, 55 = z*g + 2*c - 65. Calculate the greatest common divisor of g and 312.
24
Suppose 17893 = -30*m -